+ 27*p**2 - 104*p - 254. Give q(-30).
166
Let y(p) = 33224*p + 13854400. Calculate y(-417).
-8
Let n(w) = 2*w**3 + 951*w**2 - 6728*w - 17. Give n(7).
172
Let u(j) = -14*j**2 + 1736*j + 5217. What is u(-3)?
-117
Let d(h) = 40092*h - 120272. Calculate d(3).
4
Let q(w) = 29*w**2 + 52*w + 210. Calculate q(-4).
466
Let x(m) = -2*m**3 - 32*m**2 + 11*m + 46. Give x(-10).
-1264
Let y(k) = -1191*k - 147093. Give y(-125).
1782
Let d(q) = -9*q**2 - 261*q - 507. What is d(-27)?
-21
Let w(p) = -p**3 + 8*p**2 + 10*p + 54. Give w(-4).
206
Let q(k) = -1652*k**2 + 37996*k. Calculate q(23).
0
Let i(x) = -291656*x + 17. Give i(0).
17
Let v(b) = -16842*b - 50516. Determine v(-3).
10
Let j(o) = o**3 + 13*o**2 - 217*o - 2756. Determine j(-15).
49
Let m(x) = -2*x**3 - 188*x**2 - 19*x - 2273. Calculate m(-94).
-487
Let y(v) = 8*v**2 - 25*v - 1316. Determine y(-12).
136
Let a(q) = 2*q**3 + 38*q**2 - 13*q + 610. Give a(-20).
70
Let y(r) = r**3 - 18*r**2 - 43*r - 977. What is y(22)?
13
Let q(z) = 2*z**3 + 91*z**2 + 147*z + 53. Calculate q(-44).
-607
Let i(l) = 15*l**2 - 818*l + 10232. Give i(35).
-23
Let x(d) = -d**2 + 70*d + 16. What is x(0)?
16
Let c(s) = -26100*s - 965709. Determine c(-37).
-9
Let g(t) = 3*t**3 + 98*t**2 + 456*t - 39. Determine g(-5).
-244
Let u(v) = 3*v**2 + 50*v - 301. Give u(13).
856
Let f(b) = -280*b + 31369. What is f(112)?
9
Let x(n) = -12539*n + 87811. Give x(7).
38
Let k(h) = h**2 + 1222*h - 42739. Calculate k(34).
-35
Let t(n) = 930*n + 153454. What is t(-165)?
4
Let l(o) = 2*o**3 - 35*o**2 + 4487*o - 81085. Determine l(18).
5
Let g(c) = 803*c - 9960. Determine g(11).
-1127
Let i(l) = -l**2 - 1458*l + 325840. What is i(197)?
-195
Let a(q) = -3*q**3 + 100*q**2 - 47*q + 478. Determine a(33).
16
Let s(u) = 6*u**3 + 13*u**2 + 851*u - 1712. Determine s(2).
90
Let m(b) = -2*b**2 + 14672*b - 930777. Determine m(64).
39
Let g(o) = 5*o**3 + 142*o**2 + 11*o + 115. What is g(-28)?
1375
Let c(s) = 382963*s + 33700755. Determine c(-88).
11
Let u(a) = -2*a**3 - 1959*a**2 - 1011*a - 31329. Determine u(-979).
-1
Let i(z) = 3*z**2 - 300747*z + 12926569. Calculate i(43).
-5
Let m(r) = -20*r**3 + 5*r**2 - 76*r - 244. Calculate m(-3).
569
Let q(v) = 17*v**2 + 686*v + 667. Give q(-38).
-853
Let j(r) = 5587*r - 189824. Calculate j(34).
134
Let z(q) = 5468*q + 54691. Determine z(-10).
11
Let f(t) = 9359*t + 439961. What is f(-47)?
88
Let p(u) = -173*u - 2802. What is p(-24)?
1350
Let z(n) = n**2 - 276*n + 3696. Determine z(263).
277
Let y(k) = 9*k**2 - 288*k - 12093. What is y(-24)?
3
Let k(i) = -5*i**3 + 821*i**2 + 656*i + 678. What is k(165)?
18
Let l(q) = -q**3 + 97*q**2 - 2072*q - 548. What is l(65)?
-28
Let j(d) = -19541*d - 1016112. Give j(-52).
20
Let u(q) = -q**2 + 12323*q - 918597. What is u(75)?
3
Let a(h) = 4613*h - 142950. Give a(31).
53
Let j(m) = m**3 - 128*m**2 + 557*m + 21381. Determine j(122).
31
Let u(n) = n**3 + 13*n**2 - 183*n - 281. What is u(-20)?
579
Let t(b) = -1696*b - 5136. Give t(-3).
-48
Let g(c) = -1894*c**2 - 32230*c - 574. Calculate g(-17).
-30
Let h(v) = 6715*v - 46643. Calculate h(7).
362
Let x(k) = -25319*k + 379730. Calculate x(15).
-55
Let v(k) = 3*k**2 + 77*k + 277. What is v(-20)?
-63
Let m(i) = i**3 + 6*i**2 + 1792*i + 8879. Give m(-5).
-56
Let w(a) = a**2 + 354*a - 48715. What is w(106)?
45
Let w(p) = -28*p**3 + 138*p**2 - 47*p + 100. What is w(4)?
328
Let d(h) = -h**3 - 275*h**2 - 2652*h - 527. What is d(-265)?
3
Let x(i) = i**3 - 1001*i**2 + 12*i - 6. Calculate x(0).
-6
Let v(r) = -11*r**2 + 93*r - 66. Determine v(7).
46
Let x(v) = -10*v**2 + 55*v + 4. Give x(-4).
-376
Let c(d) = 68*d - 500. Calculate c(23).
1064
Let i(y) = -4*y**2 + 1469*y - 31696. Calculate i(23).
-25
Let s(m) = -16*m**2 + 2985*m + 1304. What is s(187)?
-5
Let z(h) = -11*h**2 + 282*h + 8226. Calculate z(43).
13
Let v(y) = y**3 + 140*y**2 + 794*y - 1321. Calculate v(-134).
19
Let n(v) = -66*v + 2739. Determine n(28).
891
Let q(r) = 12*r**3 + 1743*r**2 + 413*r - 3158. Determine q(-145).
32
Let g(a) = -137*a - 1664. Give g(-3).
-1253
Let d(u) = -6*u**3 + 8*u**2 - 44*u - 54. Determine d(-4).
634
Let z(q) = -1752*q**2 + 13*q + 3. What is z(-1)?
-1762
Let f(l) = -2*l**3 + 366*l**2 + 350*l + 3003. Determine f(184).
-309
Let v(a) = -5099*a + 25493. Calculate v(5).
-2
Let k(n) = -n**3 - 20*n**2 + 3*n + 932. Determine k(-16).
-140
Let q(m) = 4955*m + 11535. What is q(-2)?
1625
Let z(s) = -2*s**2 + 191577*s + 1149548. What is z(-6)?
14
Let u(n) = -2*n**2 - 2721*n + 433287. What is u(144)?
-9
Let m(f) = -f**2 - 136*f - 835. What is m(-8)?
189
Let r(y) = 1341*y + 142152. What is r(-106)?
6
Let i(k) = 114*k**2 - 3010*k - 11985. What is i(-4)?
1879
Let x(l) = -2931*l + 237462. Give x(81).
51
Let l(c) = -433*c + 175755. Determine l(406).
-43
Let l(q) = 103*q**2 - 706*q - 58. Give l(7).
47
Let t(x) = 46678*x + 36782258. Determine t(-788).
-6
Let a(y) = 32*y**3 - 48*y**2 + 26*y - 82. What is a(4)?
1302
Let t(j) = j**2 - 79*j + 88. What is t(17)?
-966
Let g(w) = w**3 + 3*w**2 + 835*w - 2524. Determine g(3).
35
Let m(f) = -f**3 + 103*f**2 + 452*f + 317. What is m(107)?
2885
Let y(z) = -49*z**3 - 933*z**2 - 22*z + 293. What is y(-19)?
-11
Let d(a) = 2*a**3 + 7*a**2 - 20*a + 83. Give d(-8).
-333
Let s(w) = -w**3 + 74*w**2 - 322*w + 7733. Calculate s(71).
-6
Let a(w) = w**2 + 197*w + 8731. Determine a(-65).
151
Let f(w) = -w**3 - 41*w**2 - 4423*w - 21198. Give f(-5).
17
Let b(a) = -2*a**2 + 1227*a - 52210. Determine b(46).
0
Let c(w) = -3*w**3 - 10*w**2 - 26*w + 180. Calculate c(9).
-3051
Let q(u) = -36*u**2 - 3960*u + 230. Determine q(-110).
230
Let k(i) = 134*i - 10879. Give k(83).
243
Let c(v) = 2*v**2 + 170*v - 76747. Give c(158).
41
Let y(i) = 1461*i + 1349. Give y(-2).
-1573
Let y(v) = v**2 + 287*v + 2224. Determine y(-8).
-8
Let t(w) = -15*w**2 + 127*w - 990. Determine t(6).
-768
Let v(n) = 7*n**3 - 2197*n**2 - 427*n + 35481. Calculate v(314).
-1
Let y(g) = 60*g**3 - 91*g**2 + 5*g - 10. Give y(2).
116
Let b(u) = 2*u**2 - 201*u + 3973. Determine b(69).
-374
Let y(n) = n**2 - 854*n - 28346. Calculate y(-32).
6
Let r(n) = -15*n**2 - 1241*n + 1999. What is r(-85)?
-891
Let c(q) = -q**3 - 50*q**2 - 700*q - 2585. Calculate c(-15).
40
Let q(f) = 18*f**2 - 1880*f + 17612. Give q(94).
-60
Let u(r) = -2*r**2 - 6851*r - 1350482. Determine u(-210).
28
Let o(b) = -104*b**2 + 3950*b + 74. Calculate o(38).
-2
Let o(b) = 920*b + 91111. What is o(-99)?
31
Let i(n) = n**2 - 22667*n - 1090321. Determine i(-48).
-1
Let a(l) = -145710*l + 10928257. Determine a(75).
7
Let x(q) = q**3 + 116*q**2 - 363*q - 716. What is x(-119)?
-2
Let m(n) = 72*n**2 - 1602*n - 11616. Give m(28).
-24
Let i(m) = 2*m**2 - 309*m + 9508. Give i(41).
201
Let q(o) = -4*o**3 + 13*o**2 + 115*o - 296. What is q(6)?
-2
Let t(u) = -61*u**3 - 2*u**2 + 18*u + 44. What is t(-2)?
488
Let n(l) = l**3 + 15*l**2 - 1650*l - 32922. Calculate n(-22).
-10
Let c(i) = -8*i**3 + 923*i**2 - 389*i + 5047. Calculate c(115).
-13
Let o(h) = 3065*h + 1208. Give o(0).
1208
Let g(f) = -3*f**2 + 5*f + 926. Determine g(-21).
-502
Let q(m) = -m**3 - 50*m**2 + 323*m + 5773. Calculate q(-54).
-5
Let l(s) = -1344*s - 5688. Determine l(-2).
-3000
Let u(c) = -c**2 - 295244*c + 2066755. What is u(7)?
-2
Let x(s) = 3542*s + 701321. Determine x(-198).
5
Let m(t) = 27*t**3 - 291*t**2 - 876*t - 28. Give m(-3).
-748
Let r(w) = 9618*w**2 + 9541*w + 20. Determine r(-1).
97
Let q(h) = h**3 + 249*h**2 + 731*h - 1782. Calculate q(-246).
-60
Let g(n) = 224*n - 2560. Calculate g(12).
128
Let q(o) = -2*o**3 - 380*o**2 + 16806*o - 285. What is q(37)?
11
Let q(t) = -3*t**3 + 393*t**2 + 8073*t + 37. Determine q(-18).
-449
Let t(g) = -6*g**2 + 2180*g - 2925. Determine t(362).
-29
Let l(g) = 113*g + 1428. What is l(-20)?
-832
Let m(i) = -320*i**2 + 19609*i - 5421. What is m(61)?
8
Let t(i) = -i**3 - 3*i**2 + 4*i + 657. Determine t(0).
657
Let d(g) = -96879*g - 871907. Give d(-9).
4
Let p(g) = 575*g + 1435204. Give p(-2496).
4
Let r(z) = -18641*z + 2255568. Determine r(121).
7
Let j(c) = -c**3 - 55*c**2 + 135*c + 976. What is j(-57)?
-221
Let c(n) = 311160*n - 4045080. Calculate c(13).
0
Let c(u) = -3*u**2 - 316*u - 6682. Give c(-75).
143
Let i(r) = 20261*r + 6179609. Calculate i(-305).
4
Let t(w) = 9550*w + 362898. Determine t(-38).
-2
Let a(o) = -159*o + 32879. Wh